{"id":39620,"date":"2024-12-18T11:39:16","date_gmt":"2024-12-18T10:39:16","guid":{"rendered":"https:\/\/cineytele.com\/play\/?post_type=en-vivo&#038;p=39620"},"modified":"2026-04-15T19:28:22","modified_gmt":"2026-04-15T17:28:22","slug":"viaje-a-la-historia-reciente-de-las-migraciones","status":"publish","type":"en-vivo","link":"https:\/\/cineytele.com\/play\/en-vivo\/viaje-a-la-historia-reciente-de-las-migraciones\/","title":{"rendered":"FANT FESTIVAL BILBAO"},"content":{"rendered":"\n<figure class=\"wp-block-image aligncenter size-large is-resized\"><img fetchpriority=\"high\" decoding=\"async\" width=\"731\" height=\"1024\" src=\"https:\/\/cineytele.com\/play\/wp-content\/uploads\/2024\/12\/image-56-731x1024.png\" alt=\"\" class=\"wp-image-43048\" style=\"width:588px;height:auto\" srcset=\"https:\/\/cineytele.com\/play\/wp-content\/uploads\/2024\/12\/image-56-731x1024.png 731w, https:\/\/cineytele.com\/play\/wp-content\/uploads\/2024\/12\/image-56-214x300.png 214w, https:\/\/cineytele.com\/play\/wp-content\/uploads\/2024\/12\/image-56-768x1075.png 768w, https:\/\/cineytele.com\/play\/wp-content\/uploads\/2024\/12\/image-56-1097x1536.png 1097w, https:\/\/cineytele.com\/play\/wp-content\/uploads\/2024\/12\/image-56.png 1200w\" sizes=\"(max-width: 731px) 100vw, 731px\" \/><\/figure>\n\n\n\n<h2 class=\"wp-block-heading\">DESCRIPCI\u00d3N:<\/h2>\n\n\n\n<p>El <strong>FANT Bilbao<\/strong> es un festival dedicado al cine fant\u00e1stico y de g\u00e9nero que cada a\u00f1o convierte Bilbao en un punto de encuentro para estrenos, proyecciones, actividades industriales y propuestas culturales relacionadas con el cine de terror, ciencia ficci\u00f3n y fantas\u00eda. Organizado por el Ayuntamiento de Bilbao, el certamen combina la exhibici\u00f3n de largometrajes y cortometrajes con encuentros profesionales, exposiciones, presentaciones de libros y actividades paralelas que buscan acercar el g\u00e9nero al p\u00fablico y apoyar tanto a cineastas consolidados como a nuevos talentos emergentes.<\/p>\n\n\n\n<h2 class=\"wp-block-heading\">LUGAR:<\/h2>\n\n\n\n<p>Bilbao <\/p>\n\n\n\n<h2 class=\"wp-block-heading\">FECHA:<\/h2>\n\n\n\n<p>del 8 al 16 de mayo de 2026<\/p>\n\n\n\n<p><\/p>\n","protected":false},"excerpt":{"rendered":"<p>DESCRIPCI\u00d3N: El FANT Bilbao es un festival dedicado al cine fant\u00e1stico y de g\u00e9nero que cada a\u00f1o convierte Bilbao en un punto de encuentro para estrenos, proyecciones, actividades industriales y propuestas culturales relacionadas con el cine de terror, ciencia ficci\u00f3n y fantas\u00eda. Organizado por el Ayuntamiento de Bilbao, el certamen combina la exhibici\u00f3n de largometrajes [&hellip;]<\/p>\n","protected":false},"author":23,"featured_media":43048,"parent":0,"template":"","format":"standard","categoria-de-en-vivo":[52],"class_list":["post-39620","en-vivo","type-en-vivo","status-publish","format-standard","has-post-thumbnail","hentry","categoria-de-en-vivo-festival"],"_links":{"self":[{"href":"https:\/\/cineytele.com\/play\/wp-json\/wp\/v2\/en-vivo\/39620","targetHints":{"allow":["GET"]}}],"collection":[{"href":"https:\/\/cineytele.com\/play\/wp-json\/wp\/v2\/en-vivo"}],"about":[{"href":"https:\/\/cineytele.com\/play\/wp-json\/wp\/v2\/types\/en-vivo"}],"author":[{"embeddable":true,"href":"https:\/\/cineytele.com\/play\/wp-json\/wp\/v2\/users\/23"}],"wp:featuredmedia":[{"embeddable":true,"href":"https:\/\/cineytele.com\/play\/wp-json\/wp\/v2\/media\/43048"}],"wp:attachment":[{"href":"https:\/\/cineytele.com\/play\/wp-json\/wp\/v2\/media?parent=39620"}],"wp:term":[{"taxonomy":"categoria-de-en-vivo","embeddable":true,"href":"https:\/\/cineytele.com\/play\/wp-json\/wp\/v2\/categoria-de-en-vivo?post=39620"}],"curies":[{"name":"wp","href":"https:\/\/api.w.org\/{rel}","templated":true}]}}

<figure class="wp-block-image aligncenter size-large is-resized"><img fetchpriority="high" decoding="async" width="731" height="1024" src="https://cineytele.com/play/wp-content/uploads/2024/12/image-56-731x1024.png" alt="" class="wp-image-43048" style="width:588px;height:auto" srcset="https://cineytele.com/play/wp-content/uploads/2024/12/image-56-731x1024.png 731w, https://cineytele.com/play/wp-content/uploads/2024/12/image-56-214x300.png 214w, https://cineytele.com/play/wp-content/uploads/2024/12/image-56-768x1075.png 768w, https://cineytele.com/play/wp-content/uploads/2024/12/image-56-1097x1536.png 1097w, https://cineytele.com/play/wp-content/uploads/2024/12/image-56.png 1200w" sizes="(max-width: 731px) 100vw, 731px" /></figure>



<h2 class="wp-block-heading">DESCRIPCIÓN:</h2>



<p>El <strong>FANT Bilbao</strong> es un festival dedicado al cine fantástico y de género que cada año convierte Bilbao en un punto de encuentro para estrenos, proyecciones, actividades industriales y propuestas culturales relacionadas con el cine de terror, ciencia ficción y fantasía. Organizado por el Ayuntamiento de Bilbao, el certamen combina la exhibición de largometrajes y cortometrajes con encuentros profesionales, exposiciones, presentaciones de libros y actividades paralelas que buscan acercar el género al público y apoyar tanto a cineastas consolidados como a nuevos talentos emergentes.</p>



<h2 class="wp-block-heading">LUGAR:</h2>



<p>Bilbao </p>



<h2 class="wp-block-heading">FECHA:</h2>



<p>del 8 al 16 de mayo de 2026</p>



<p></p>

<p>DESCRIPCIÓN: El FANT Bilbao es un festival dedicado al cine fantástico y de género que cada año convierte Bilbao en un punto de encuentro para estrenos, proyecciones, actividades industriales y propuestas culturales relacionadas con el cine de terror, ciencia ficción y fantasía. Organizado por el Ayuntamiento de Bilbao, el certamen combina la exhibición de largometrajes [&hellip;]</p>
